 2426026 - 1670498 = 0. What is the tens digit of l?
5
Suppose 3*k - 8109 = -3*a, -2524 = -2*a - 5*k + 2897. Let y be 6/(-24) - a/(-8). Suppose 5*i - y = -122. What is the units digit of i?
3
Suppose 0 = -5*u - 4*y + 158413, -9*u + 14*u - 158403 = y. What is the hundreds digit of u?
6
Let h be (-5*(1 + -2))/(15 + -14). What is the hundreds digit of (-7 + (13 - h))/((-1)/(-628))?
6
Suppose b = -3*u + 107609, -9*b + 12*b = 5*u - 179353. What is the ten thousands digit of u?
3
Suppose 4*v = 3*d - 3 + 14, 3*v = -4*d + 2. Let p be 15/3*d/(15/(-9)). What is the tens digit of (8/p)/((-1)/(114/(-4)))?
7
Suppose 40 = -30*p + 35*p. Suppose 3*w + 5*b + 9 = 0, 2*w + 3*b + p = 3. What is the units digit of (-1)/2 - w/((-4)/51)?
5
Suppose 9*x + 2*x = -4367. Let a be x/3 - 6/(-18). Let w = -83 - a. What is the units digit of w?
9
Let l be 4*(-5)/(-30)*(-21105)/(-7). Let h = l + -1359. What is the tens digit of h?
5
Suppose 42*l - 31*l - 27*l = -115200. What is the thousands digit of l?
7
Let r(h) = h**3 - 24*h**2 + 13*h - 32. Let a be r(18). What is the hundreds digit of a/(-3) - -5*8/(-60)?
5
Let w(z) = 402*z + 24. Let d be w(3). Suppose c - 7*c + d = 0. What is the hundreds digit of c?
2
Let l(t) = 148*t + 5981. What is the units digit of l(-40)?
1
Suppose -f + 913*p = 909*p - 13549, 5*f - 67762 = 3*p. What is the thousands digit of f?
3
What is the thousands digit of -40*9/18*-288?
5
Suppose -3*y = 8*m - 219007, -2*y + 109688 = 4*m + 182. What is the hundreds digit of m?
3
Let a = 21478 - 12353. What is the tens digit of a?
2
Let a(i) = 15379*i + 1019. What is the tens digit of a(3)?
5
What is the tens digit of 440/(-25)*(-500 - 5)?
8
Let n(v) = -1135*v - 2141. What is the hundreds digit of n(-22)?
8
What is the hundreds digit of ((-3)/(-2))/((-4)/(-37992))?
2
Let n = 248 - 244. Suppose -k - n*w + 154 = w, 2*w + 154 = k. What is the tens digit of k?
5
Let g(o) = o**2 + 17*o - 114. Let c be g(-22). Let x(t) = -273*t + 41. What is the hundreds digit of x(c)?
1
Suppose -6*q + 17251 = 5*v - 4*q, 4*v = 5*q + 13814. What is the units digit of v?
1
Suppose -8*q + 47 = -49. Suppose 0 = 2*h, -6*m + 8*m = 5*h + q. What is the units digit of 124*(m/(-4))/(-3)?
2
Suppose 4*g = -235 + 14263. What is the hundreds digit of g?
5
Let v = 10207 + -7184. Suppose 4*k - 3197 = -2*q - 775, v = 5*k - 2*q. What is the hundreds digit of k?
6
Suppose 30*l = 6*l - 432. Let g(f) = -f**3 - 17*f**2 - 11*f + 24. What is the hundreds digit of g(l)?
5
Let n = -136 + 149. Suppose n*v - 96 = v. Suppose 0 = v*d - 319 - 1617. What is the hundreds digit of d?
2
Let q(i) be the third derivative of 5*i**4/6 - 176*i**3/3 + 131*i**2. What is the tens digit of q(40)?
4
Suppose 0 = 4*p - 3*f - 4 + 23, 0 = 2*p + f - 3. What is the units digit of (-108 - (p - 2))*(6 - 7)?
5
Let w be 42/2 - (4 + -6). Let n(j) = -j**2 + 46*j - 79. What is the hundreds digit of n(w)?
4
Let k(u) = -1 + 13*u - 15*u**3 + 8*u**2 + 11*u**3 + 3*u**3. What is the tens digit of k(9)?
3
Suppose 5*f + 24 - 84 = 0. Suppose 3320 = -4*u + f*u. What is the tens digit of u?
1
Let m(u) = 50*u**2 + 80*u + 1035. What is the tens digit of m(-19)?
6
Suppose 48*t - 157168 = 26*t. What is the thousands digit of t?
7
Suppose 2*i + 3*o + 2*o - 29 = 0, 3*o - 13 = i. Suppose -89 = -r + 4*u, i*u - 151 = -2*r + u. What is the tens digit of r?
7
What is the tens digit of ((-63)/(-14) + -3)*10246 + (-12)/(-2)?
7
Suppose -23*s = -20*s + 9, -2*l + 161705 = 5*s. What is the thousands digit of l?
0
Let t = -187 - -480. Let z = t + -265. What is the units digit of z?
8
Let f(n) be the first derivative of -98*n**2 + 21*n + 112. What is the units digit of f(-3)?
9
Let x(h) = -h**3 - 13*h**2 - 44*h - 4. Let w be x(-7). What is the hundreds digit of (w - -343)/((-1)/2*-2)?
3
Let o = 57 + -162. Let n be (-1)/(-5) - 2847/(-15). Let x = o + n. What is the tens digit of x?
8
Let s(x) = -15*x + 5. Let a be s(0). Suppose -3*z = -u + 2*u - 586, -5*u = -a. What is the hundreds digit of z?
1
Let u(j) = j**2 + 1. Let c(f) = -22*f**2 + 32*f - 119. Let n(l) = -c(l) + 6*u(l). What is the hundreds digit of n(8)?
6
Suppose -19*g = -4 + 42. What is the units digit of 23 + -19 - (-270 + (-2)/g)?
3
Let t(h) = -78*h - 3*h**2 + 90*h + 13*h**2 - 47 + 71. What is the units digit of t(-5)?
4
Suppose -s + 15 = -4*c + 7, 0 = -3*s - 2*c - 18. Let a(h) = -99*h + 32. What is the units digit of a(s)?
8
Let d = 8557 + -1096. What is the units digit of d?
1
Suppose -6768*b = -6769*b - 2*p + 16119, 5*p = -2*b + 32240. What is the thousands digit of b?
6
Let q be (-16)/(-1*(2 + 0)). Let w be 3/q - (-11361)/168. Suppose 4*b + 4*y - w = 0, -2*y = b - 2*b + 23. What is the tens digit of b?
1
Let z(q) = 73*q**2 - 31*q + 104. What is the thousands digit of z(13)?
2
Suppose 5*a - 3*a + 4*h = -18, 5*a = -h. What is the units digit of ((a - 28) + (-2)/4)*-10?
5
Suppose -1692 = 11*s - 7*s. Let v = -228 - s. Let f = -128 + v. What is the units digit of f?
7
Let d = 52485 + -22968. What is the units digit of d?
7
Suppose 0 = -6144*y + 6062*y + 3626368. What is the units digit of y?
4
Suppose 3*k + 30 + 30 = 0. Let o be -1 + (21/4 - (-5)/k). Suppose g = 3*g - 3*v - 104, g - 57 = o*v. What is the tens digit of g?
4
Let x = -135 - -106. Let s = -167 - x. Let c = 11 - s. What is the hundreds digit of c?
1
Let a = -6770 - -9762. Suppose -15*d + a = d. What is the hundreds digit of d?
1
Let i(u) = 76*u - 14. Let b(a) = 155*a - 29. Let m(x) = -3*b(x) + 5*i(x). What is the units digit of m(-7)?
2
Suppose 4*v + 7*d = 2*d + 234, d = -v + 58. Suppose 0 = -o - 5*u + 266, 4*o = -2*u + v + 972. What is the hundreds digit of 2 - (-66)/4*o/24?
1
Let t(r) = -27*r + 3398. What is the hundreds digit of t(49)?
0
Let c(q) = -q**3 + 11*q**2 - 12*q + 25. Let x be c(10). Suppose -l + 2*r - 229 = 0, x*l + 470 = -5*r - 630. Let j = l + 366. What is the tens digit of j?
4
Let b(n) = -3*n**2 + 4*n + 23. Let c be (-3)/(((-63)/(-24))/(-7)). Let z be b(c). Let k = 242 + z. What is the hundreds digit of k?
1
Suppose l + 2*w = 272, 2*l - 539 = 3*w - 2*w. Suppose t = -4*p + 3*p + 274, -p = 3*t - l. Let d = p + -127. What is the units digit of d?
9
Let d(a) = -a**3 + 12*a**2 - 8*a + 13. Let t(n) = n**2 + 15*n - 33. Let o be t(-20). Let j = -57 + o. What is the hundreds digit of d(j)?
1
What is the tens digit of (2312/85)/17*6535?
5
Suppose -1564 = -14*n - 136. Let z = 208 - n. What is the tens digit of z?
0
Suppose 868 = -2*y - 1738. Let w = y - -2236. What is the tens digit of w?
3
Let a(x) = 10*x**2 - 50*x - 1284. What is the ten thousands digit of a(-33)?
1
Suppose z + 3*i - 21 = 0, 5*z + 3*i - 34 = 11. Suppose 6*p - 724 = 2*p - 4*c, -2*p = 3*c - 357. Suppose 0 = z*g - 408 - p. What is the units digit of g?
9
Suppose -2*t + 4901 = -16*i + 21*i, 0 = -2*t - 4*i + 4896. What is the tens digit of t?
3
Let g be (6 - 109208/(-32)) + (-10)/(-8). Suppose g = 16*n - 1268. What is the tens digit of n?
9
Let t(v) = -3918*v**3 + 2*v**2 - 25*v - 28. What is the units digit of t(-1)?
7
Let k = 22 + 17. Let d be (-1 - 0) + 47 + -44. Suppose 36 = 2*o + d*l - 54, o - l = k. What is the units digit of o?
2
Suppose -3*u + 781 = -w, 17*u = 16*u + w + 263. Let h be (-1)/(-6) - (-5)/(-60)*2. Suppose -5*b - 5*a + u = -3*b, h = -5*a + 5. What is the tens digit of b?
2
What is the hundreds digit of (629832/207)/(4/6)?
5
Let v be (36/(-24))/(3/(-4)). Suppose -4 = 6*l + v. What is the tens digit of 23/((-22)/8 - l - -2)?
9
Suppose -352*m + 28*m = -9939996. What is the tens digit of m?
7
Suppose -4*d + 9*w + 303346 = 0, -5*w = -4*d + 157880 + 145474. What is the ten thousands digit of d?
7
Let i be 2*((-18)/12 - -1). What is the hundreds digit of ((-71)/2*i)/(5/40)?
2
Let h be (-554)/(-22) + 5*2/(-55). Suppose 19 - h = u. Let c(a) = -14*a - 15. What is the tens digit of c(u)?
6
Suppose -4*q = -4*n - 66812, -27*n = -2*q - 22*n + 33418. What is the tens digit of q?
9
Let j(b) = 6*b + 103. Let t be -2 + (-19 + -1 + 4)/(-1). What is the units digit of j(t)?
7
Let h = 12244 + -7115. What is the units digit of h?
9
Let r(w) = 8*w + 195. Let m be r(-24). Suppose -m*f = 3*x - 405, x + 44 + 95 = f. What is the units digit of f?
7
Let x = -1 + 19. Let b(t) = -2*t + 61. What is the units digit of b(x)?
5
Let z be (-30)/50 - (-23)/5. Suppose -6*m + 44 = -z*m. What is